{"id":8184,"date":"2022-11-27T17:42:05","date_gmt":"2022-11-27T16:42:05","guid":{"rendered":"http:\/\/collegevauban-blaye.fr\/?page_id=8184"},"modified":"2022-11-27T17:42:07","modified_gmt":"2022-11-27T16:42:07","slug":"club-jardin-2","status":"publish","type":"page","link":"http:\/\/collegevauban-blaye.fr\/?page_id=8184","title":{"rendered":"Club Jardin"},"content":{"rendered":"\n<h4>&nbsp;<\/h4>\n\n\n\n<h4 style=\"text-align: center;\">Anim\u00e9 par Nathalie Bouncer et Aude Dubo\u00e9, le club jardin a lieu le jeudi de 12h30 \u00e0 14h00<\/h4>\n\n\n\n<figure class=\"wp-block-image size-large\"><img loading=\"lazy\" decoding=\"async\" width=\"1024\" height=\"358\" src=\"http:\/\/collegevauban-blaye.fr\/wp-content\/uploads\/2022\/11\/feelin-1-1024x358.png\" alt=\"\" class=\"wp-image-8187\" srcset=\"http:\/\/collegevauban-blaye.fr\/wp-content\/uploads\/2022\/11\/feelin-1-1024x358.png 1024w, http:\/\/collegevauban-blaye.fr\/wp-content\/uploads\/2022\/11\/feelin-1-300x105.png 300w, http:\/\/collegevauban-blaye.fr\/wp-content\/uploads\/2022\/11\/feelin-1-768x269.png 768w, http:\/\/collegevauban-blaye.fr\/wp-content\/uploads\/2022\/11\/feelin-1-1536x538.png 1536w, http:\/\/collegevauban-blaye.fr\/wp-content\/uploads\/2022\/11\/feelin-1.png 2000w\" sizes=\"auto, (max-width: 767px) 89vw, (max-width: 1000px) 54vw, (max-width: 1071px) 543px, 580px\" \/><\/figure>\n","protected":false},"excerpt":{"rendered":"<p>&nbsp; Anim\u00e9 par Nathalie Bouncer et Aude Dubo\u00e9, le club jardin a lieu le jeudi de 12h30 \u00e0 14h00<\/p>\n","protected":false},"author":3,"featured_media":8186,"parent":0,"menu_order":0,"comment_status":"closed","ping_status":"closed","template":"","meta":{"footnotes":""},"class_list":["post-8184","page","type-page","status-publish","has-post-thumbnail","hentry"],"_links":{"self":[{"href":"http:\/\/collegevauban-blaye.fr\/index.php?rest_route=\/wp\/v2\/pages\/8184","targetHints":{"allow":["GET"]}}],"collection":[{"href":"http:\/\/collegevauban-blaye.fr\/index.php?rest_route=\/wp\/v2\/pages"}],"about":[{"href":"http:\/\/collegevauban-blaye.fr\/index.php?rest_route=\/wp\/v2\/types\/page"}],"author":[{"embeddable":true,"href":"http:\/\/collegevauban-blaye.fr\/index.php?rest_route=\/wp\/v2\/users\/3"}],"replies":[{"embeddable":true,"href":"http:\/\/collegevauban-blaye.fr\/index.php?rest_route=%2Fwp%2Fv2%2Fcomments&post=8184"}],"version-history":[{"count":3,"href":"http:\/\/collegevauban-blaye.fr\/index.php?rest_route=\/wp\/v2\/pages\/8184\/revisions"}],"predecessor-version":[{"id":8190,"href":"http:\/\/collegevauban-blaye.fr\/index.php?rest_route=\/wp\/v2\/pages\/8184\/revisions\/8190"}],"wp:featuredmedia":[{"embeddable":true,"href":"http:\/\/collegevauban-blaye.fr\/index.php?rest_route=\/wp\/v2\/media\/8186"}],"wp:attachment":[{"href":"http:\/\/collegevauban-blaye.fr\/index.php?rest_route=%2Fwp%2Fv2%2Fmedia&parent=8184"}],"curies":[{"name":"wp","href":"https:\/\/api.w.org\/{rel}","templated":true}]}}