{"id":5151,"date":"2020-10-23T16:42:18","date_gmt":"2020-10-23T14:42:18","guid":{"rendered":"http:\/\/collegevauban-blaye.fr\/?page_id=5151"},"modified":"2020-10-23T16:42:20","modified_gmt":"2020-10-23T14:42:20","slug":"le-parcours-educatif-de-sante","status":"publish","type":"page","link":"https:\/\/collegevauban-blaye.fr\/?page_id=5151","title":{"rendered":"Le parcours \u00e9ducatif de sant\u00e9"},"content":{"rendered":"\n<p>De la maternelle au lyc\u00e9e, le parcours \u00e9ducatif de sant\u00e9 permet de structurer la pr\u00e9sentation des dispositifs qui concernent \u00e0 la fois la protection de la sant\u00e9 des \u00e9l\u00e8ves, les activit\u00e9s \u00e9ducatives li\u00e9es \u00e0 la pr\u00e9vention des conduites \u00e0 risques et les activit\u00e9s p\u00e9dagogiques mises en place dans les enseignements en r\u00e9f\u00e9rence aux programmes scolaires<\/p>\n","protected":false},"excerpt":{"rendered":"<p>De la maternelle au lyc\u00e9e, le parcours \u00e9ducatif de sant\u00e9 permet de structurer la pr\u00e9sentation des dispositifs qui concernent \u00e0 la fois la protection de la sant\u00e9 des \u00e9l\u00e8ves, les activit\u00e9s \u00e9ducatives li\u00e9es \u00e0 la pr\u00e9vention des conduites \u00e0 risques et les activit\u00e9s p\u00e9dagogiques mises en place dans les enseignements en r\u00e9f\u00e9rence aux programmes scolaires<\/p>\n","protected":false},"author":3,"featured_media":0,"parent":0,"menu_order":0,"comment_status":"closed","ping_status":"closed","template":"","meta":{"footnotes":""},"class_list":["post-5151","page","type-page","status-publish","hentry"],"_links":{"self":[{"href":"https:\/\/collegevauban-blaye.fr\/index.php?rest_route=\/wp\/v2\/pages\/5151","targetHints":{"allow":["GET"]}}],"collection":[{"href":"https:\/\/collegevauban-blaye.fr\/index.php?rest_route=\/wp\/v2\/pages"}],"about":[{"href":"https:\/\/collegevauban-blaye.fr\/index.php?rest_route=\/wp\/v2\/types\/page"}],"author":[{"embeddable":true,"href":"https:\/\/collegevauban-blaye.fr\/index.php?rest_route=\/wp\/v2\/users\/3"}],"replies":[{"embeddable":true,"href":"https:\/\/collegevauban-blaye.fr\/index.php?rest_route=%2Fwp%2Fv2%2Fcomments&post=5151"}],"version-history":[{"count":1,"href":"https:\/\/collegevauban-blaye.fr\/index.php?rest_route=\/wp\/v2\/pages\/5151\/revisions"}],"predecessor-version":[{"id":5153,"href":"https:\/\/collegevauban-blaye.fr\/index.php?rest_route=\/wp\/v2\/pages\/5151\/revisions\/5153"}],"wp:attachment":[{"href":"https:\/\/collegevauban-blaye.fr\/index.php?rest_route=%2Fwp%2Fv2%2Fmedia&parent=5151"}],"curies":[{"name":"wp","href":"https:\/\/api.w.org\/{rel}","templated":true}]}}