{"id":6382,"date":"2021-11-17T10:17:04","date_gmt":"2021-11-17T09:17:04","guid":{"rendered":"http:\/\/collegevauban-blaye.fr\/?page_id=6382"},"modified":"2021-11-17T10:17:05","modified_gmt":"2021-11-17T09:17:05","slug":"club-jardin","status":"publish","type":"page","link":"https:\/\/collegevauban-blaye.fr\/?page_id=6382","title":{"rendered":"Club Jardin"},"content":{"rendered":"\n<h3 style=\"text-align: center;\">Le mardi de 13h \u00e0 14h anim\u00e9 par Mmes Bouncer et Dubo\u00e9.\u00a0<\/h3>\n<p><img loading=\"lazy\" decoding=\"async\" class=\"size-medium wp-image-6383 aligncenter\" src=\"http:\/\/collegevauban-blaye.fr\/wp-content\/uploads\/2021\/11\/Sans-titre-11-300x300.jpg\" alt=\"\" width=\"300\" height=\"300\" srcset=\"https:\/\/collegevauban-blaye.fr\/wp-content\/uploads\/2021\/11\/Sans-titre-11-300x300.jpg 300w, https:\/\/collegevauban-blaye.fr\/wp-content\/uploads\/2021\/11\/Sans-titre-11-150x150.jpg 150w, https:\/\/collegevauban-blaye.fr\/wp-content\/uploads\/2021\/11\/Sans-titre-11.jpg 500w\" sizes=\"auto, (max-width: 300px) 100vw, 300px\" \/><\/p>\n","protected":false},"excerpt":{"rendered":"<p>Le mardi de 13h \u00e0 14h anim\u00e9 par Mmes Bouncer et Dubo\u00e9.\u00a0<\/p>\n","protected":false},"author":3,"featured_media":0,"parent":0,"menu_order":0,"comment_status":"closed","ping_status":"closed","template":"","meta":{"footnotes":""},"class_list":["post-6382","page","type-page","status-publish","hentry"],"_links":{"self":[{"href":"https:\/\/collegevauban-blaye.fr\/index.php?rest_route=\/wp\/v2\/pages\/6382","targetHints":{"allow":["GET"]}}],"collection":[{"href":"https:\/\/collegevauban-blaye.fr\/index.php?rest_route=\/wp\/v2\/pages"}],"about":[{"href":"https:\/\/collegevauban-blaye.fr\/index.php?rest_route=\/wp\/v2\/types\/page"}],"author":[{"embeddable":true,"href":"https:\/\/collegevauban-blaye.fr\/index.php?rest_route=\/wp\/v2\/users\/3"}],"replies":[{"embeddable":true,"href":"https:\/\/collegevauban-blaye.fr\/index.php?rest_route=%2Fwp%2Fv2%2Fcomments&post=6382"}],"version-history":[{"count":2,"href":"https:\/\/collegevauban-blaye.fr\/index.php?rest_route=\/wp\/v2\/pages\/6382\/revisions"}],"predecessor-version":[{"id":6386,"href":"https:\/\/collegevauban-blaye.fr\/index.php?rest_route=\/wp\/v2\/pages\/6382\/revisions\/6386"}],"wp:attachment":[{"href":"https:\/\/collegevauban-blaye.fr\/index.php?rest_route=%2Fwp%2Fv2%2Fmedia&parent=6382"}],"curies":[{"name":"wp","href":"https:\/\/api.w.org\/{rel}","templated":true}]}}