{"id":7826,"date":"2022-10-06T17:00:04","date_gmt":"2022-10-06T15:00:04","guid":{"rendered":"http:\/\/collegevauban-blaye.fr\/?page_id=7826"},"modified":"2024-10-12T22:12:09","modified_gmt":"2024-10-12T20:12:09","slug":"les-radio-actifs-la-classe-media-2022-2023","status":"publish","type":"page","link":"https:\/\/collegevauban-blaye.fr\/?page_id=7826","title":{"rendered":"La classe media Les Radio-Actifs 2022-2023"},"content":{"rendered":"\n<h4>&nbsp;<\/h4>\n\n\n\n<h3 style=\"text-align: center;\"><span style=\"background-color: #ffffff; color: #008000;\">Les Radio-Actifs, des podcasts pour l&#8217;alt\u00e9rit\u00e9 et la diversit\u00e9<\/span><\/h3>\n<h3 style=\"text-align: center;\"><span style=\"background-color: #ffffff;\"><span style=\"color: #008000;\">\u00c9coutez nos diff\u00e9rences<\/span><\/span><\/h3>\n\n\n\n\n\n<figure class=\"wp-block-image size-full\"><img loading=\"lazy\" decoding=\"async\" width=\"750\" height=\"750\" src=\"http:\/\/collegevauban-blaye.fr\/wp-content\/uploads\/2022\/10\/Logo-Eloise.jpg\" alt=\"\" class=\"wp-image-7827\" srcset=\"https:\/\/collegevauban-blaye.fr\/wp-content\/uploads\/2022\/10\/Logo-Eloise.jpg 750w, https:\/\/collegevauban-blaye.fr\/wp-content\/uploads\/2022\/10\/Logo-Eloise-300x300.jpg 300w, https:\/\/collegevauban-blaye.fr\/wp-content\/uploads\/2022\/10\/Logo-Eloise-150x150.jpg 150w\" sizes=\"auto, (max-width: 706px) 89vw, (max-width: 767px) 82vw, 740px\" \/><\/figure>\n","protected":false},"excerpt":{"rendered":"<p>&nbsp; Les Radio-Actifs, des podcasts pour l&#8217;alt\u00e9rit\u00e9 et la diversit\u00e9 \u00c9coutez nos diff\u00e9rences<\/p>\n","protected":false},"author":3,"featured_media":0,"parent":0,"menu_order":0,"comment_status":"closed","ping_status":"closed","template":"","meta":{"footnotes":""},"class_list":["post-7826","page","type-page","status-publish","hentry"],"_links":{"self":[{"href":"https:\/\/collegevauban-blaye.fr\/index.php?rest_route=\/wp\/v2\/pages\/7826","targetHints":{"allow":["GET"]}}],"collection":[{"href":"https:\/\/collegevauban-blaye.fr\/index.php?rest_route=\/wp\/v2\/pages"}],"about":[{"href":"https:\/\/collegevauban-blaye.fr\/index.php?rest_route=\/wp\/v2\/types\/page"}],"author":[{"embeddable":true,"href":"https:\/\/collegevauban-blaye.fr\/index.php?rest_route=\/wp\/v2\/users\/3"}],"replies":[{"embeddable":true,"href":"https:\/\/collegevauban-blaye.fr\/index.php?rest_route=%2Fwp%2Fv2%2Fcomments&post=7826"}],"version-history":[{"count":3,"href":"https:\/\/collegevauban-blaye.fr\/index.php?rest_route=\/wp\/v2\/pages\/7826\/revisions"}],"predecessor-version":[{"id":10871,"href":"https:\/\/collegevauban-blaye.fr\/index.php?rest_route=\/wp\/v2\/pages\/7826\/revisions\/10871"}],"wp:attachment":[{"href":"https:\/\/collegevauban-blaye.fr\/index.php?rest_route=%2Fwp%2Fv2%2Fmedia&parent=7826"}],"curies":[{"name":"wp","href":"https:\/\/api.w.org\/{rel}","templated":true}]}}

<h4>&nbsp;</h4>



<h3 style="text-align: center;"><span style="background-color: #ffffff; color: #008000;">Les Radio-Actifs, des podcasts pour l&#8217;altérité et la diversité</span></h3>
<h3 style="text-align: center;"><span style="background-color: #ffffff;"><span style="color: #008000;">Écoutez nos différences</span></span></h3>





<figure class="wp-block-image size-full"><img loading="lazy" decoding="async" width="750" height="750" src="http://collegevauban-blaye.fr/wp-content/uploads/2022/10/Logo-Eloise.jpg" alt="" class="wp-image-7827" srcset="https://collegevauban-blaye.fr/wp-content/uploads/2022/10/Logo-Eloise.jpg 750w, https://collegevauban-blaye.fr/wp-content/uploads/2022/10/Logo-Eloise-300x300.jpg 300w, https://collegevauban-blaye.fr/wp-content/uploads/2022/10/Logo-Eloise-150x150.jpg 150w" sizes="auto, (max-width: 706px) 89vw, (max-width: 767px) 82vw, 740px" /></figure>

<p>&nbsp; Les Radio-Actifs, des podcasts pour l&#8217;altérité et la diversité Écoutez nos différences</p>
